 - -40. Suppose 2*b = 3*h + o, -h + 0 = 4. What is the remainder when y is divided by b?
12
Suppose -3*m + u = -6*m + 2, -8 = m - 4*u. Suppose -5*w + 0*a = 4*a - 61, -2*w - a + 22 = m. Calculate the remainder when 26 is divided by w.
8
Suppose 24*u - 21534 = -13*u. Calculate the remainder when u is divided by (-1 + -2)/(10/(-2 + -48)).
12
Let j(z) = z**3 - 10*z**2 + 12*z - 9. What is the remainder when (-1271)/(-62) - 25 - (-118)/4 is divided by j(9)?
7
Suppose 0 = 3*w + 4*r - 373, -w + 4*w = 5*r + 391. What is the remainder when w is divided by (130/(-8))/((-378)/72 - -5)?
62
Let v(t) = -3*t**3 - 4*t - 3. Let w be v(-1). Let i(l) = 80*l - 6. What is the remainder when i(w) is divided by 45?
44
Suppose 4*g - g = 2*o + 174, -g = -o - 57. Suppose g = w - 6. Calculate the remainder when w is divided by 18.
12
Suppose 4*q + 3*j - 158 = 520, 5*q - 2*j - 882 = 0. Calculate the remainder when 389 is divided by q.
41
Calculate the remainder when (-3)/((-10)/((-1800)/67) + 4/(-10)) is divided by 10.
8
Let b = 9 + 4. Let k be (4/14)/(6 + 166/(-28)). Suppose -k*w - 2*y + 16 = 0, 12 = 4*w - 18*y + 22*y. Calculate the remainder when b is divided by w.
3
Suppose -5*s = -y - 4, -4*y + 35 = -s - 25. What is the remainder when y is divided by 220/(-80)*2/(-2)*4?
5
Suppose -40*v + 7552 = -8*v. Let k = 38 - 62. Calculate the remainder when v is divided by 118/(-3)*k/16 + 1.
56
Let i(y) = -41*y + 70. Let r be i(4). Let l = r - -110. Calculate the remainder when 973 is divided by l.
13
Suppose 3*a - 284 = -2*i, -11*a + 8*a = -2*i - 280. Suppose -459 = -8*k - 163. Calculate the remainder when a is divided by k.
20
Suppose 0*i - i + 1 = 3*d, 3*i - 5*d = 17. Suppose -i*n = -91 + 51. Calculate the remainder when 309 is divided by n.
9
Suppose -4*u + 36 = 3*w - 387, -4*u - 36 = 0. Let q = 5 + 9. What is the remainder when w is divided by q?
13
Calculate the remainder when 6 + 1489 + 2 + -4 + 16/(-4) is divided by 18.
13
Let m(c) = 4*c**3 + 2*c**2 + 5*c + 20. What is the remainder when m(4) is divided by 106?
10
Suppose 74*i - 7*i = 94*i - 648. Let g(a) = -2*a**3 + 2*a**2 - 4*a + 1. Calculate the remainder when g(-3) is divided by i.
13
Suppose -5*c - 90 = 3*k - 65, -10 = -2*k + 2*c. Suppose k = 98*s - 106*s + 440. Calculate the remainder when 326 is divided by s.
51
Let v = 1093 + -1083. Suppose -5*k - 3*f + 16 = -0, -4*k + 23 = -f. Calculate the remainder when v is divided by k.
0
Suppose 0 = -4*l + i + 2*i + 3757, -4*l + 3754 = -2*i. Calculate the remainder when l is divided by 157.
152
Let d(l) = -l**3 - 7*l**2 - 2*l - 20. Let k be d(-7). Let n be -3 - -3*(-2)/k*-3. Let f(v) = -3*v + 19. What is the remainder when 146 is divided by f(n)?
35
Let y(q) = 38*q + 468. Calculate the remainder when 524 is divided by y(-10).
84
Suppose -i + 5*f + 3 = 0, f + 67 = 5*i + 4. Let x = i + 72. Calculate the remainder when x is divided by 8*(55/4)/5.
19
Let a = -2628 + 2929. Calculate the remainder when a is divided by 168.
133
Let l(y) = y**2 - 13*y - 4. Calculate the remainder when 1141 is divided by l(16).
41
Let p be 294/(-30) - 4/40*2. What is the remainder when (-11165)/154*-4*(-3)/p is divided by 15?
12
Suppose 4*m = j + 2*j + 11, -4*j - 14 = -5*m. Suppose 3*k - 6*g = -g - 2, 2*k = -m*g - 12. What is the remainder when 59 is divided by (-22)/(-8)*4 - k?
14
Suppose 62*b - 388 - 1222 = 52*b. What is the remainder when b is divided by 15?
11
Suppose q = -2*q + 36. Let m(p) = -22*p**2 + 483*p + 46. Calculate the remainder when m(22) is divided by q.
0
Let g be ((-250)/2)/((-25)/(-50)). Let y = -211 - g. Calculate the remainder when y is divided by 22.
17
Let c = -8596 - -8753. Calculate the remainder when 174 is divided by c.
17
Suppose -5*h + 9*h = 60. What is the remainder when 381/h - -4*2/(-20) is divided by 10?
5
Calculate the remainder when 25 is divided by 5 - (4/16 + (-319)/(-116)).
1
Let m be -3 + -1 + 3 + (-3 - -120). Suppose 0 = -5*h + 9*h + m. Let x = h + 45. What is the remainder when 78 is divided by x?
14
Let z(w) = 3*w**2 + 7*w - 3. Suppose -y + 4*h - 2*h + 114 = 0, -4*h = 16. Suppose -y*r + 104*r = -36. Calculate the remainder when z(5) is divided by r.
17
Let y(n) = -n**3 - 17*n**2 + 14*n - 40. Suppose 0 = -2*v + l + 112, -v - v - l + 108 = 0. What is the remainder when v is divided by y(-18)?
23
Let r = -14 - -34. Calculate the remainder when (-1)/(-4)*(-8)/3*(-75)/2 is divided by r.
5
Calculate the remainder when (-245 + -1)/(-82 - -78)*10 is divided by 14.
13
Let c = -3620 + 3646. Calculate the remainder when 38 is divided by c.
12
Suppose -3*w = -14 + 8. Suppose w*m - 1 = -1. Suppose -5*l + 155 + 190 = m. Calculate the remainder when l is divided by 19.
12
Let s = 8877 + -8693. What is the remainder when s is divided by 66?
52
Let n = -3926 + 3981. Calculate the remainder when 100 is divided by n.
45
Calculate the remainder when 101 is divided by (-14 - -15)/6 + (-382)/(-12).
5
Suppose 45*k - 5250 + 120 = 0. Calculate the remainder when k is divided by 25.
14
Suppose -f + 34 = 10*r - 8*r, 2*f = -3*r + 51. Suppose -2*b + 2 = -332. Calculate the remainder when b is divided by r.
14
Let d be 1*(-1)/((-3)/(-45)). Let o = d - -41. Let k = 254 - 127. What is the remainder when k is divided by o?
23
Let w(s) = s**3 - 11*s**2 + 13*s - 6. Let m = 255 - 245. Calculate the remainder when 89 is divided by w(m).
17
Let v = -97 + 107. Suppose -4*i + 48 = -0*i - 3*p, -2*i + 24 = p. Suppose 5*c - 2*c - i = 0. What is the remainder when v is divided by c?
2
Suppose 2240 = 115*q + 285. What is the remainder when 2254 is divided by q?
10
Calculate the remainder when (59/(-1))/((-2)/2) is divided by ((-546)/441)/(16/(-168)).
7
Let m = 189 + -184. Suppose 5*g + 3*q = -14, -2*g - q = -5*g. Calculate the remainder when 505/m + (-3)/g is divided by 21.
20
Let r = 63 + 51. Let v = 113 - r. Calculate the remainder when 113 is divided by (v - -1) + -1 + 4*5.
18
Suppose 0 = -k + 82 - 31. Calculate the remainder when 17 is divided by 6/k + (-585)/(-85).
3
Let p(i) = -4*i - 16. Let a be p(-7). Calculate the remainder when 208 is divided by ((-186)/(-24) - -1)/(3/a).
33
Let p = 4804 - 4777. Suppose 2*y = -4*s + 178, 2*y - 89 = y - s. Calculate the remainder when y is divided by p.
8
Suppose 0 = 5*r - f - 10, 3*f = -7*r + 3*r + 27. Suppose -6*i + 2*i + u = -81, -r*i - 2*u + 58 = 0. Calculate the remainder when 394 is divided by i.
14
Suppose 80*w = 84*w + 5*i - 7144, 2*i = 5*w - 8963. What is the remainder when w is divided by 58?
51
Let p be (-246)/(-12) - 2/(-4). Let l(z) = z**3 - 5*z**2 - 22*z - 2. What is the remainder when (-1974)/(-49) + 15/p + -1 is divided by l(8)?
12
Suppose 138*l - 1340 = 2902 + 10938. What is the remainder when 371 is divided by l?
41
Suppose 6*b + 13 = -3*i + b, 4*i - 5*b = 41. Suppose -4*y - 7*o - 12 = -5*o, i*o = 3*y + 9. Calculate the remainder when 57 is divided by 3/1 - (-3)/(y/(-7)).
7
Let v = -19289 - -19324. Let a = 10 - 25. Let s = 152 + a. Calculate the remainder when s is divided by v.
32
Let a = 2082 + 2467. Calculate the remainder when a is divided by 91.
90
What is the remainder when 1438 is divided by 10404/108 - (-3)/(-9)?
94
Let s(k) = -k**2 + 7*k - 2. Let a be s(4). Let c be 8*(-1 - (-15)/a). Suppose 176 + c = 4*u. Calculate the remainder when u is divided by 23.
22
Calculate the remainder when 262 is divided by -6 + 44*70/56.
17
Suppose -3*a + a = -138. Let r(m) = m**3 + 2*m**2 + 193. Let t be r(0). Suppose 7*z = 368 - t. What is the remainder when a is divided by z?
19
Let d(i) = -17*i. Let q be 56*(-7)/84*-6. Let w = q + 88. What is the remainder when w is divided by d(-1)?
14
Suppose 2*u = -5*z + 4, -5 = u + 2*z - 3*z. Suppose 17*f + 1596 = 74*f. Calculate the remainder when (108 - 0) + 3 + u is divided by f.
24
Let j(x) = -x**2 + 5*x - 1. Let h = 39 - 37. Let l be j(h). Let y(i) = -i**2 + 11*i - 11. What is the remainder when y(l) is divided by 10?
9
Suppose 3*v - 159 = -4*s, 33*s - 37*s = 5*v - 273. Calculate the remainder when v is divided by 16.
9
Suppose -508*u + 79230 + 14750 = 0. What is the remainder when 377 is divided by u?
7
Let k = 6 - 4. Suppose -2*q + k*m + 260 = 0, -13 - 117 = -q - 2*m. Suppose 6*r + 3*z - q = r, -5*z = -4*r + 67. What is the remainder when 41 is divided by r?
18
Suppose -4*n - 87 = -w, -16 = -w - n + 